prime factors of 13991.
17, 823
What are the prime factors of 87081?
3, 29027
What are the prime factors of 1268?
2, 317
List the prime factors of 2587.
13, 199
List the prime factors of 144589.
144589
List the prime factors of 76666.
2, 38333
List the prime factors of 24832.
2, 97
What are the prime factors of 36972?
2, 3, 13, 79
List the prime factors of 374.
2, 11, 17
List the prime factors of 776.
2, 97
List the prime factors of 662.
2, 331
List the prime factors of 102009.
3, 37, 919
List the prime factors of 53238.
2, 3, 19, 467
What are the prime factors of 84218?
2, 17, 2477
What are the prime factors of 369?
3, 41
What are the prime factors of 2071?
19, 109
List the prime factors of 28422.
2, 3, 1579
List the prime factors of 20087.
53, 379
List the prime factors of 167.
167
What are the prime factors of 6027?
3, 7, 41
What are the prime factors of 753?
3, 251
List the prime factors of 43507.
139, 313
List the prime factors of 395.
5, 79
What are the prime factors of 770?
2, 5, 7, 11
List the prime factors of 1424.
2, 89
List the prime factors of 7061.
23, 307
List the prime factors of 11.
11
What are the prime factors of 8642?
2, 29, 149
List the prime factors of 7923.
3, 19, 139
What are the prime factors of 68881?
68881
What are the prime factors of 219?
3, 73
What are the prime factors of 70091?
7, 17, 19, 31
What are the prime factors of 1836?
2, 3, 17
What are the prime factors of 1358?
2, 7, 97
What are the prime factors of 3432?
2, 3, 11, 13
List the prime factors of 58230.
2, 3, 5, 647
List the prime factors of 867.
3, 17
What are the prime factors of 161307?
3, 17923
List the prime factors of 6211.
6211
What are the prime factors of 5680?
2, 5, 71
List the prime factors of 46140.
2, 3, 5, 769
What are the prime factors of 17493?
3, 7, 17
What are the prime factors of 17247?
3, 5749
What are the prime factors of 18176?
2, 71
List the prime factors of 72204.
2, 3, 11, 547
What are the prime factors of 14599?
13, 1123
List the prime factors of 698.
2, 349
List the prime factors of 5130.
2, 3, 5, 19
What are the prime factors of 276?
2, 3, 23
List the prime factors of 22253.
7, 11, 17
What are the prime factors of 28779?
3, 53, 181
List the prime factors of 497.
7, 71
What are the prime factors of 23022?
2, 3, 1279
List the prime factors of 1733.
1733
What are the prime factors of 6137?
17, 19
What are the prime factors of 2171?
13, 167
List the prime factors of 6548.
2, 1637
What are the prime factors of 43759?
43759
What are the prime factors of 233?
233
List the prime factors of 4517.
4517
What are the prime factors of 34474?
2, 11, 1567
What are the prime factors of 35018?
2, 17509
What are the prime factors of 3052?
2, 7, 109
List the prime factors of 8401.
31, 271
List the prime factors of 11186.
2, 7, 17, 47
List the prime factors of 3583.
3583
List the prime factors of 111684.
2, 3, 41, 227
List the prime factors of 3062.
2, 1531
List the prime factors of 635.
5, 127
What are the prime factors of 2676?
2, 3, 223
List the prime factors of 780.
2, 3, 5, 13
What are the prime factors of 2277?
3, 11, 23
List the prime factors of 2493.
3, 277
What are the prime factors of 292?
2, 73
What are the prime factors of 4290?
2, 3, 5, 11, 13
List the prime factors of 2113.
2113
What are the prime factors of 1087?
1087
What are the prime factors of 452?
2, 113
What are the prime factors of 4657?
4657
List the prime factors of 355.
5, 71
List the prime factors of 53375.
5, 7, 61
What are the prime factors of 684?
2, 3, 19
List the prime factors of 13186.
2, 19, 347
List the prime factors of 4789.
4789
What are the prime factors of 2092?
2, 523
What are the prime factors of 2836?
2, 709
List the prime factors of 2783.
11, 23
What are the prime factors of 22779?
3, 2531
List the prime factors of 11402.
2, 5701
List the prime factors of 8133.
3, 2711
What are the prime factors of 41818?
2, 7, 29, 103
List the prime factors of 1214.
2, 607
List the prime factors of 1174.
2, 587
What are the prime factors of 735?
3, 5, 7
List the prime factors of 5306.
2, 7, 379
List the prime factors of 48237.
3, 7, 2297
What are the prime factors of 60297?
3, 101, 199
What are the prime factors of 1110?
2, 3, 5, 37
What are the prime factors of 2300?
2, 5, 23
List the prime factors of 6405.
3, 5, 7, 61
List the prime factors of 4299.
3, 1433
What are the prime factors of 8147?
8147
List the prime factors of 1229.
1229
What are the prime factors of 27678?
2, 3, 7, 659
What are the prime factors of 3769?
3769
List the prime factors of 572.
2, 11, 13
What are the prime factors of 13860?
2, 3, 5, 7, 11
What are the prime factors of 1103?
1103
What are the prime factors of 3675?
3, 5, 7
What are the prime factors of 72796?
2, 18199
What are the prime factors of 50915?
5, 17, 599
List the prime factors of 1070.
2, 5, 107
List the prime factors of 67844.
2, 7, 2423
What are the prime factors of 3181?
3181
List the prime factors of 3959.
37, 107
What are the prime factors of 2474?
2, 1237
What are the prime factors of 3661?
7, 523
What are the prime factors of 3995?
5, 17, 47
What are the prime factors of 10687?
10687
List the prime factors of 10276.
2, 7, 367
List the prime factors of 745.
5, 149
What are the prime factors of 2568?
2, 3, 107
What are the prime factors of 4283?
4283
What are the prime factors of 315?
3, 5, 7
What are the prime factors of 1430?
2, 5, 11, 13
List the prime factors of 4314.
2, 3, 719
List the prime factors of 5444.
2, 1361
What are the prime factors of 16469?
43, 383
List the prime factors of 2522.
2, 13, 97
What are the prime factors of 980?
2, 5, 7
What are the prime factors of 136722?
2, 3, 22787
What are the prime factors of 9995?
5, 1999
List the prime factors of 24120.
2, 3, 5, 67
What are the prime factors of 52883?
52883
What are the prime factors of 30147?
3, 13, 773
What are the prime factors of 64?
2
List the prime factors of 52596.
2, 3, 487
What are the prime factors of 1512?
2, 3, 7
List the prime factors of 910.
2, 5, 7, 13
List the prime factors of 4268.
2, 11, 97
What are the prime factors of 94387?
37, 2551
What are the prime factors of 20225?
5, 809
List the prime factors of 583.
11, 53
List the prime factors of 57708.
2, 3, 7, 229
What are the prime factors of 2355?
3, 5, 157
List the prime factors of 3436.
2, 859
List the prime factors of 612.
2, 3, 17
What are the prime factors of 5593?
7, 17, 47
List the prime factors of 368.
2, 23
List the prime factors of 15387.
3, 23, 223
What are the prime factors of 15973?
15973
List the prime factors of 3095.
5, 619
List the prime factors of 21837.
3, 29, 251
What are the prime factors of 81?
3
What are the prime factors of 117614?
2, 7, 31, 271
What are the prime factors of 459?
3, 17
What are the prime factors of 100011?
3, 17, 37, 53
List the prime factors of 104654.
2, 11, 67, 71
What are the prime factors of 45985?
5, 17, 541
List the prime factors of 30240.
2, 3, 5, 7
List the prime factors of 22181.
41, 541
What are the prime factors of 3795?
3, 5, 11, 23
List the prime factors of 103839.
3, 34613
List the prime factors of 32779.
32779
What are the prime factors of 103943?
7, 31, 479
List the prime factors of 21146.
2, 97, 109
What are the prime factors of 22338?
2, 3, 17, 73
What are the prime factors of 94233?
3, 101, 311
List the prime factors of 47627.
97, 491
List the prime factors of 70124.
2, 47, 373
What are the prime factors of 11348?
2, 2837
List the prime factors of 5315.
5, 1063
What are the prime factors of 8318?
2, 4159
List the prime factors of 1168.
2, 73
List the prime factors of 11242.
2, 7, 11, 73
What are the prime factors of 20263?
23, 881
List the prime factors of 8709.
3, 2903
List the prime factors of 1151.
1151
List the prime factors of 3360.
2, 3, 5, 7
What are the prime factors of 6835?
5, 1367
List the prime factors of 85603.
7, 1747
List the prime factors of 41652.
2, 3, 13, 89
List the prime factors of 1745.
5, 349
List the prime factors of 27050.
2, 5, 541
What are the prime factors of 13174?
2, 7, 941
List the prime factors of 6278.
2, 43, 73
What are the prime factors of 76421?
76421
List the prime factors of 121217.
43, 2819
List the prime factors of 52997.
7, 67, 113
List the prime factors of 271.
271
List the prime factors 